t c be w(15). What is a(c)?
9
Let s(c) be the third derivative of c**6/120 - c**5/60 + c**4/12 - c**3/2 + 4*c**2. Suppose -27*d + 25*d + 12 = -4*r, 16 = 4*d - 4*r. Determine s(d).
5
Let h(m) be the first derivative of -2*m**2 - 3*m - 3. Let i be 4/((-2)/((-21)/7 + 5)). What is h(i)?
13
Let a(l) be the first derivative of -l**3 - l**2 - l + 5. Let c be 13/6 + 16/(-96). Give a(c).
-17
Let w(n) = 5*n**3 + 6*n**2 + 6*n. Let b(f) = f**3 + f - 1. Let r(q) = -4*b(q) + w(q). Suppose 5*y + 16 = -i - 18, -6 = 3*y - 3*i. Determine r(y).
-8
Let v(q) = q**3 - 5*q**2 - 4*q - 3. Let c(o) = 2*o + 12. Let h be (2 - 3)/(6/(-72)). Let j be c(h). Suppose i + 5*i - j = 0. Give v(i).
9
Let d(l) = 2*l**3 + 5*l**2 - 2. Let i(v) = 3*v**3 + 8*v**2 - 3. Let k be (-1)/(-6) - (-188)/24. Let j(u) = k*d(u) - 5*i(u). Let t = -123 + 125. Calculate j(t).
7
Let p be 49/(-14)*2/1. Let r(m) = 82*m**3 + 6*m**2 + 5 + 85*m**3 + m - 344*m**3 + m**2 + 100*m**3 + 78*m**3. Determine r(p).
-2
Let k(r) = -2*r**2 + 202*r + 1058. Let j be k(-5). Let z(v) be the third derivative of -v**4/24 - 5*v**3/6 - v**2. What is z(j)?
-3
Let c(s) = s**2 - 2*s + 3. Let d(i) = i**3 + 3*i**2 - 2*i - 2. Let u be d(-1). Suppose 3*m = u*m. What is c(m)?
3
Suppose 0 = 16*a - 7 + 8 - 33. Let p(k) = 10*k - 16. Calculate p(a).
4
Let d(r) = 1. Suppose -13*o = -14*o. Let h = o + -1. Let p(z) = -z + 1. Let y(f) = h*d(f) - 3*p(f). What is y(6)?
14
Let r = 6 - -1. Let q(a) = -2*a**2 - 4*a - 4. Let i(h) = 3*h**2 + 3*h + 7. Let m(t) = -3*i(t) - 4*q(t). Determine m(r).
-5
Let l(y) = y**2 + 3. Let c(u) = u. Let h(p) = 3*c(p) - l(p). Let n(o) = o + 1. Let t(x) = -h(x) - n(x). Let m(s) = -9*s + 1488. Let j be m(165). Give t(j).
-1
Let b(d) = d**2 + 3*d - 9. Let a be 168/32 + -4 + (-1)/4. Let n = -3 - a. What is b(n)?
-5
Suppose 0*a = -39*a + 156. Suppose -f - 2*g - 4 = 0, 6*f - 4*g + a = 5*f. Let w(r) be the third derivative of r**4/12 - r**3/3 + r**2. Give w(f).
-10
Let q = 184 + -186. Let o(l) = l**3 - 6*l**2 - l + 1. Let b(w) = -2*w**2 - w. Let i(d) = -3*b(d) + o(d). Give i(q).
-11
Let k = 197 - 199. Let r(t) = -5*t**3 - 4*t**2 - 4*t + 3. Let p(s) = -6*s**3 - 5*s**2 - 5*s + 4. Let u(x) = 4*p(x) - 5*r(x). Determine u(k).
-7
Let p(w) be the first derivative of -w**4/4 - 7*w + 51. Suppose -3*m + 2*m + 2 = 0. Let v be ((m - -1) + -3)/(-1). Calculate p(v).
-7
Suppose -17*i - 8 = -8. Let x(u) = u**2 + 8. Calculate x(i).
8
Let g(u) = -20*u + 371. Suppose -42*b = -48*b + 61*b - 1045. Give g(b).
-9
Let n(f) = 44*f + 5 - 31*f - 15 - 3 - 12*f. Calculate n(-5).
-18
Let y(u) be the second derivative of -19*u**4/12 - 5*u**3/6 + 3*u**2/2 - 2*u - 257. Give y(1).
-21
Let m(u) = -2*u**2 + 26*u + 81. Suppose t - 9 = 0, -2*t = -4*g + 46 - 4. Give m(g).
21
Let t(f) = -f**2 + f. Let a(z) = 80*z**2 + 5*z - 5. Let c be a(1). Let m = c - 89. Let o = m + 10. What is t(o)?
0
Let x = -6 - -1. Let r(u) = 5*u**3 + 2*u. Let n(b) = 29*b**3 - 5*b**2 + 14*b - 1. Let s(y) = n(y) - 6*r(y). Calculate s(x).
-11
Let t(o) = -97*o - 11. Let f(x) = 35*x. Let y(l) = 6*f(l) + 2*t(l). Give y(2).
10
Let a be (5/((-10)/3) - -2)*(18 + -22). Let x(v) = v**2 - 5*v - 6. Calculate x(a).
8
Let f(y) = 3*y**2 - 5*y. Let z be 9*6/(-243)*-9. What is f(z)?
2
Let b be (-69)/1173 + 2/34. Let g(w) = -w**2 + 4*w**2 + w**3 - 2*w**2 + 3. Give g(b).
3
Let f(k) = -2*k**2 - 3*k - 2. Let h be f(-2). Let v(x) = 2 - 218*x**3 - 203*x**3 + 0*x**2 + 3*x**2 + 422*x**3 + x**2. Give v(h).
2
Suppose -4*h + 632 = 4*w, 0 = -4*h + 4*w + 1028 - 364. Let a = h + -163. Let x(k) = -9*k**2 + k + 1. What is x(a)?
-9
Let u(s) = s**2 + 3*s + 11. Let k be u(-5). Suppose 5*m + 2*r - k = 4*r, 0 = 4*m + 2*r - 24. Let q(p) = -5*p - 4 - 7*p + m + 9*p. Give q(1).
-2
Let b be (16/56)/(8/(-168)). Let p(f) be the second derivative of -1/12*f**4 + 0*f**2 - 6*f - 7/6*f**3 + 0. Calculate p(b).
6
Let l(w) be the second derivative of 3*w - 20 + 5/6*w**3 + 3/2*w**2 + 1/3*w**4 - 1/20*w**5. Determine l(5).
3
Let u = -15219 - -15191. Let p(g) = g**3 + 27*g**2 - 30*g - 35. What is p(u)?
21
Suppose 170*c - 175*c + 29 = -3*h, -3*h + 20 = 2*c. Let z(u) be the first derivative of 2/3*u**3 + 30 + u - u**4 + u**h. Give z(-1).
5
Let t(m) = -3595*m + 1 + 1833*m + 1761*m. Suppose 0 = 3*l + 2*k - 17, 10 = -0*k - 5*k. Determine t(l).
-6
Let w(z) be the third derivative of z**6/60 + z**5/3 + 5*z**4/24 + 26*z**3/3 + 2*z**2 + 134. Give w(-10).
2
Let j(u) = 434*u - 64. Let i(w) = 81*w - 12. Let o(p) = 16*i(p) - 3*j(p). Let s = -9 + 11. What is o(s)?
-12
Let w(j) be the second derivative of -8*j**3/3 + 7*j**2/2 + 13*j - 30. Calculate w(3).
-41
Let p(a) = 4*a**2 - 2*a + 2. Let j be p(1). Let w be 1*-18*(-2)/j. Let d(k) = -k + 7. Determine d(w).
-2
Suppose -10 = 6*h - 7*h. Suppose 0*d = -2*d + h. Let z(f) = -2*f**2 - 13*f + 3. Let k(y) = y**2 + 7*y - 1. Let x(m) = d*k(m) + 3*z(m). What is x(-5)?
-1
Let s(x) = -x - 7. Let r be (15/(-10))/(12/(-1808)). Let b = -234 + r. Determine s(b).
1
Let o(s) = 3*s**2 + 12*s - 19. Let d(y) = y**2 - 5. Let a(p) = 2*d(p) - o(p). Determine a(-11).
20
Let s be 404/(-44) + (-8)/(-44). Let j(b) = 28 + 34 + 23 - 99 - b. What is j(s)?
-5
Suppose -11*u + 89 - 12 = 0. Let q be u/(-14) + (-42)/12. Let p(g) = -g**3 - 2*g**2 - 3*g - 6. What is p(q)?
38
Let o(u) = u + 5. Suppose b - 3*s + 1 = s, -5*s = 2*b - 11. Suppose -7*z + 22 = -2*z - 2*c, b*z + 2*c = 26. Determine o(z).
11
Let u(v) = 11*v + 179. Suppose -606 - 794 = -12*r + 112*r. Determine u(r).
25
Let x(l) = 2*l**3 - 229 - 15*l**2 + 9*l - 236 + 452. Let g be x(7). Let d(v) = -7*v**2 + 2 - 3*v**2 - 1 - v + 2*v**2. What is d(g)?
-8
Let n(d) = -8*d**2 - 11*d - 13. Let o(q) = 7*q**2 + 9*q + 12. Let g(z) = -6*n(z) - 7*o(z). Let i = -32 + 34. Let x = 2 + i. Determine g(x).
-10
Let h = -265 - -261. Let o(l) = -7*l + 9. Let c(r) = 3*r - 4. Let m = -2 - -7. Let n(k) = m*c(k) + 2*o(k). What is n(h)?
-6
Let f(k) be the second derivative of -7*k**3/2 + 135*k**2/2 + 239*k - 15. Calculate f(5).
30
Let z(c) be the first derivative of -1/4*c**4 + 86 - 13/2*c**2 + c - 14/3*c**3. What is z(-13)?
1
Let n(m) be the third derivative of -m**4/24 + 10*m**3/3 - 1164*m**2. Determine n(18).
2
Let r(o) = -23*o**2 - 2*o - 2. Let m be 84/378 - (-48)/27. Give r(m).
-98
Let d be (2/(-3))/(25/(-75)). Let f(v) = 3*v**2 - 88*v + 20. Let y(r) = -r**2 + 31*r - 7. Let s(u) = -6*f(u) - 17*y(u). What is s(d)?
-3
Let w(z) = -10*z. Let c(f) = 8*f + 38. Let s(t) = -4*t + 7. Let r be s(3). Let p be c(r). Give w(p).
20
Let m = -4949 - -4932. Let l(h) = h**3 + 16*h**2 - 15*h + 17. Determine l(m).
-17
Let t be 1/2*(-3 - -3). Let m(u) = 2 + 0*u - u**3 - 5*u**2 + t*u. Let r(d) = 84*d**2 - 438*d + 85. Let a be r(5). Give m(a).
2
Let b(c) = -c**2 + 8*c - 12. Let x(l) = 3*l + 44. Let y be (2 - (2 - 1)) + 11 + -25. Let k be x(y). Give b(k).
3
Let g(c) = c**2 + 6*c - 93. Let w = -28261 + 28268. Give g(w).
-2
Suppose 5*x - 3*l = 112 - 35, -8 = 2*l. Let z(h) = x - 4901*h + 4896*h - 5. Determine z(4).
-12
Let q(f) = f**2 + 22*f + 40. Let u(s) = s**3 + 19*s**2 + 16*s - 31. Let m be u(-18). Suppose -z = 25 - m. Let n be q(z). Let y(j) = -j**2 - j. Calculate y(n).
0
Let d(f) = 3*f**2 - f + 7. Let c(i) = 58 + 7*i**2 - 4*i + 3*i**2 - 25 - 11. Let v(g) = -2*c(g) + 7*d(g). Give v(0).
5
Let o = 2348 - 2354. Let n(g) = -g - 52. Give n(o).
-46
Let r = 183 + -182. Suppose 6 = j - r. Let g(f) = f - 4. Give g(j).
3
Let r(p) = -p**2 - 342 - 66*p - 45 + 96 - 268. Calculate r(-56).
1
Let t be (-9*(-4)/(-30))/((-200)/(-500)). Let h(i) = -i**2 - 5*i - 3. Let u be h(-3). Let n(r) = 4 + 5 + r - u. Give n(t).
3
Let n(b) = b**2 + 16*b + 33. Let f = -5013 + 4998. Calculate n(f).
18
Let h(g) = -2*g**2 - 219*g + 52. Let o(m) = -m**2 - 147*m + 35. Let v(a) = 5*h(a) - 7*o(a). Give v(-22).
15
Let i(t) = -t**3 + t**2 + t + 16. Let z be i(6). Let q = z + 156. Let r(a) = -5*a - 5. What is r(q)?
5
Let n = 286 - 222. Suppose 22 = -4*a + 3*y + n, 5*a - 47 = y. Let w(m) = m**3 - 9*m**2. Calculate w(a).
0
Let q(u) = u**2 - 9*u - 2. Suppose 67*j - 69*j = 24. Let r be (-12)/((-5)/((-40)/j)). What is q(r)?
-10
Let s(h) be the first derivative of -h**3 + 4*h**2 + 4*h + 3849. Give s(4).
-12
Suppose -56*m + 18 = -62*m. Let v(j) = -j**3 - 3*j**2 - 14*j - 39. Let i be v(m). Let g(u) = u + 2. Calculate g(i).
5
Let x(p) = -271 - 274 - p + 5*p + 542 - 2*p**2. Wh